factors of 27256.
2, 3407
What are the prime factors of 14344?
2, 11, 163
List the prime factors of 19237.
19237
List the prime factors of 61319.
17, 3607
List the prime factors of 3088.
2, 193
List the prime factors of 3576.
2, 3, 149
List the prime factors of 2914.
2, 31, 47
What are the prime factors of 26950?
2, 5, 7, 11
What are the prime factors of 4803?
3, 1601
What are the prime factors of 1143?
3, 127
List the prime factors of 162488.
2, 19, 1069
List the prime factors of 8408.
2, 1051
What are the prime factors of 584?
2, 73
List the prime factors of 88383.
3, 17, 1733
What are the prime factors of 60?
2, 3, 5
List the prime factors of 64941.
3, 21647
List the prime factors of 26121.
3, 8707
What are the prime factors of 1968?
2, 3, 41
List the prime factors of 2733.
3, 911
List the prime factors of 2972.
2, 743
List the prime factors of 147229.
147229
What are the prime factors of 10019?
43, 233
List the prime factors of 315.
3, 5, 7
List the prime factors of 10972.
2, 13, 211
List the prime factors of 11763.
3, 1307
List the prime factors of 20236.
2, 5059
List the prime factors of 6247.
6247
What are the prime factors of 136100?
2, 5, 1361
What are the prime factors of 422?
2, 211
List the prime factors of 12993.
3, 61, 71
What are the prime factors of 671?
11, 61
List the prime factors of 86536.
2, 29, 373
List the prime factors of 4196.
2, 1049
What are the prime factors of 160?
2, 5
What are the prime factors of 41971?
19, 47
List the prime factors of 9989.
7, 1427
What are the prime factors of 991?
991
What are the prime factors of 8548?
2, 2137
List the prime factors of 1770.
2, 3, 5, 59
What are the prime factors of 11419?
19, 601
List the prime factors of 26.
2, 13
List the prime factors of 136058.
2, 13, 5233
What are the prime factors of 65161?
17, 3833
List the prime factors of 9513.
3, 7, 151
What are the prime factors of 433?
433
What are the prime factors of 16444?
2, 4111
List the prime factors of 1059.
3, 353
List the prime factors of 3757.
13, 17
List the prime factors of 7551.
3, 839
List the prime factors of 3547.
3547
List the prime factors of 35415.
3, 5, 787
What are the prime factors of 3275?
5, 131
List the prime factors of 39618.
2, 3, 31, 71
What are the prime factors of 6344?
2, 13, 61
What are the prime factors of 70176?
2, 3, 17, 43
What are the prime factors of 48690?
2, 3, 5, 541
What are the prime factors of 38219?
38219
List the prime factors of 35833.
7, 5119
What are the prime factors of 586?
2, 293
What are the prime factors of 44745?
3, 5, 19, 157
List the prime factors of 3454.
2, 11, 157
List the prime factors of 257.
257
List the prime factors of 837.
3, 31
List the prime factors of 22505.
5, 7, 643
What are the prime factors of 789?
3, 263
What are the prime factors of 8405?
5, 41
What are the prime factors of 123500?
2, 5, 13, 19
List the prime factors of 34308.
2, 3, 953
List the prime factors of 15369.
3, 47, 109
List the prime factors of 790.
2, 5, 79
List the prime factors of 1346.
2, 673
List the prime factors of 1406.
2, 19, 37
What are the prime factors of 33343?
33343
What are the prime factors of 747?
3, 83
List the prime factors of 4036.
2, 1009
What are the prime factors of 4295?
5, 859
What are the prime factors of 5424?
2, 3, 113
List the prime factors of 4607.
17, 271
List the prime factors of 7021.
7, 17, 59
What are the prime factors of 7622?
2, 37, 103
List the prime factors of 69939.
3, 19, 409
List the prime factors of 3832.
2, 479
List the prime factors of 33993.
3, 1259
List the prime factors of 241.
241
List the prime factors of 8072.
2, 1009
What are the prime factors of 1189?
29, 41
List the prime factors of 5931.
3, 659
What are the prime factors of 1260?
2, 3, 5, 7
What are the prime factors of 29689?
11, 2699
List the prime factors of 188.
2, 47
What are the prime factors of 646?
2, 17, 19
What are the prime factors of 8750?
2, 5, 7
What are the prime factors of 4572?
2, 3, 127
List the prime factors of 1698.
2, 3, 283
What are the prime factors of 262?
2, 131
What are the prime factors of 13272?
2, 3, 7, 79
What are the prime factors of 40350?
2, 3, 5, 269
What are the prime factors of 11372?
2, 2843
List the prime factors of 14217.
3, 7, 677
What are the prime factors of 1489?
1489
What are the prime factors of 4605?
3, 5, 307
What are the prime factors of 1911?
3, 7, 13
List the prime factors of 865.
5, 173
List the prime factors of 13418.
2, 6709
List the prime factors of 117923.
13, 47, 193
List the prime factors of 12662.
2, 13, 487
List the prime factors of 79164.
2, 3, 733
List the prime factors of 4979.
13, 383
What are the prime factors of 1876?
2, 7, 67
List the prime factors of 14374.
2, 7187
List the prime factors of 4752.
2, 3, 11
List the prime factors of 1150.
2, 5, 23
What are the prime factors of 188808?
2, 3, 7867
What are the prime factors of 2135?
5, 7, 61
List the prime factors of 34052.
2, 8513
What are the prime factors of 1798?
2, 29, 31
What are the prime factors of 361?
19
List the prime factors of 569.
569
What are the prime factors of 5546?
2, 47, 59
List the prime factors of 11945.
5, 2389
List the prime factors of 26116.
2, 6529
List the prime factors of 74171.
17, 4363
What are the prime factors of 101097?
3, 47, 239
What are the prime factors of 3701?
3701
List the prime factors of 1069.
1069
What are the prime factors of 60002?
2, 19, 1579
List the prime factors of 15550.
2, 5, 311
What are the prime factors of 47490?
2, 3, 5, 1583
What are the prime factors of 2357?
2357
List the prime factors of 2429.
7, 347
List the prime factors of 2277.
3, 11, 23
List the prime factors of 38523.
3, 12841
List the prime factors of 42268.
2, 10567
What are the prime factors of 1196?
2, 13, 23
What are the prime factors of 1021?
1021
What are the prime factors of 78450?
2, 3, 5, 523
What are the prime factors of 2143?
2143
List the prime factors of 4883.
19, 257
What are the prime factors of 5943?
3, 7, 283
List the prime factors of 4171.
43, 97
What are the prime factors of 14457?
3, 61, 79
What are the prime factors of 10426?
2, 13, 401
List the prime factors of 6171.
3, 11, 17
List the prime factors of 1860.
2, 3, 5, 31
List the prime factors of 95059.
23, 4133
What are the prime factors of 3442?
2, 1721
List the prime factors of 1567.
1567
List the prime factors of 2880.
2, 3, 5
List the prime factors of 1087.
1087
List the prime factors of 1206.
2, 3, 67
What are the prime factors of 878?
2, 439
List the prime factors of 318.
2, 3, 53
List the prime factors of 1655.
5, 331
List the prime factors of 4403.
7, 17, 37
List the prime factors of 1449.
3, 7, 23
List the prime factors of 120.
2, 3, 5
What are the prime factors of 8954?
2, 11, 37
What are the prime factors of 1181?
1181
What are the prime factors of 70794?
2, 3, 19, 23
List the prime factors of 10862.
2, 5431
List the prime factors of 3076.
2, 769
List the prime factors of 38345.
5, 7669
What are the prime factors of 178549?
7, 23, 1109
List the prime factors of 10956.
2, 3, 11, 83
What are the prime factors of 5485?
5, 1097
What are the prime factors of 4145?
5, 829
List the prime factors of 21373.
11, 29, 67
List the prime factors of 836.
2, 11, 19
List the prime factors of 4789.
4789
List the prime factors of 785.
5, 157
List the prime factors of 16376.
2, 23, 89
List the prime factors of 266.
2, 7, 19
List the prime factors of 13790.
2, 5, 7, 197
List the prime factors of 3890.
2, 5, 389
List the prime factors of 603.
3, 67
What are the prime factors of 1385?
5, 277
List the prime factors of 264.
2, 3, 11
What are the prime factors of 14705?
5, 17, 173
What are the prime factors of 2499?
3, 7, 17
What are the prime factors of 57?
3, 19
List the prime factors of 973.
7, 139
List the prime factors of 1019.
1019
List the prime factors of 2585.
5, 11, 47
What are the prime factors of 26634?
2, 3, 23, 193
What are the prime factors of 104777?
29, 3613
What are the prime factors of 2973?
3, 991
List the prime factors of 6529.
6529
What are the prime factors of 4163?
23, 181
List the prime factors of 2956.
2, 739
List the prime factors of 41876.
2, 19, 29
What are the prime factors of 1717?
17, 101
List the prime factors of 62348.
2, 11, 13, 109
List the prime factors of 991.
991
